
-6
Let l(g) = -3*g + 16. Let j = -70 + 77. Determine l(j).
-5
Let x be 82/(-328) + 11/(-4). Let o(c) = -3*c**3 - 5*c**2 - 4*c - 3. Calculate o(x).
45
Let f(h) be the second derivative of 23*h**5/20 - h**4/12 + h**3/6 + h**2/2 + 2*h - 30. What is f(-1)?
-24
Let o(v) = 5*v**2 - 23*v + 5. Let r(k) = -4*k**2 + 21*k - 5. Let x(j) = -5*o(j) - 6*r(j). Give x(-12).
-7
Let j be 4/28 - (-114)/(-14). Let h(s) = s + 1. Let z(g) = 3*g + 5. Let l(v) = -6*h(v) + 3*z(v). What is l(j)?
-15
Let l(x) = -x**2 + 8*x - 5. Let q = 64 - 55. Suppose -4*o - 2*g = -27 - q, -o + 10 = g. Give l(o).
-5
Let w = 14 - 5. Suppose -w*s + 24 = -3*s. Suppose 0*y - y + s*i = -9, -4*i = -4*y + 24. Let d(t) = -t**3 + 5*t**2 - 3. Calculate d(y).
-3
Let b(r) = r - 6. Let z(y) = 6. Let x(u) = -3*b(u) - 2*z(u). Let c be x(4). Let m(q) = q**3 + 5*q**2 - 5*q + 1. Determine m(c).
-5
Let v(f) = -f**3 - 8*f**2 + 7*f - 16. Let l be v(-9). Let h(x) = 12*x**l + 3*x**2 + 6*x + 4 - 14*x**2. Calculate h(-4).
-4
Let d(a) = -3*a - 3. Let w be (0 + -12 - -3)*-1. Let g = -6 + w. Suppose -g*y - 13 = -2*z, -3*y + 2*z = -y + 10. What is d(y)?
6
Let q(p) = -p**3 + p**2 + 4*p + 2. Let n(g) = 2*g**3 - 5*g**2 - 22*g - 11. Let x(v) = -n(v) - 5*q(v). Let b be (3 + -2 + 0)*-1. Give x(b).
-4
Suppose 5*d - 710 = -4*p, 8*p - 4*p + 710 = 5*d. Let t = d + -137. Let g(z) = -z**3 + 5*z**2 + 3*z - 4. What is g(t)?
11
Let m(q) = -6 + 20*q - 10 - 19*q + 6. Determine m(-15).
-25
Let j(r) = r**2 + 5*r + 6. Let s(k) be the third derivative of k**6/24 + k**5/60 + k**4/24 + k**3/6 + 7*k**2. Let a be s(-1). Give j(a).
2
Let m(j) = 2*j + 5. Suppose -16*s - 13*s - 174 = 0. Determine m(s).
-7
Let f(g) = 3*g**2 - 1 - 4*g**2 + 5*g - 3. Suppose 12 = 9*x - 15. Give f(x).
2
Let i(g) = -g**2 - 7*g - 3. Let s(k) = 13*k + 34. Let l = -147 - -144. Let y be s(l). Calculate i(y).
7
Let d(z) = -12*z - 7 + 6*z + 411*z**2 - 410*z**2. Determine d(6).
-7
Let z = -1 - -5. Let x = 2 - z. Let l(f) be the first derivative of f**4/4 + f**3/3 + f**2/2 - 348. Give l(x).
-6
Suppose -96 = -17*f + f. Let m(r) = -r**2 + 5*r. Give m(f).
-6
Suppose 2*q - 5*w - 18 = q, q + 5*w = 18. Suppose n = -n - q. Let b(m) = m**2 + 10*m + 12. Give b(n).
3
Let f(u) be the second derivative of 11*u**3/6 + u**2/2 - 31*u. Let y = 2 - 3. Determine f(y).
-10
Suppose 3*d + 4*a + 0 = -2, -a + 1 = d. Let y(t) = 3*t - d*t**2 + 0*t + 5*t - t**3 + t + 10. Calculate y(-7).
-4
Let h(d) be the first derivative of -d**4/4 + 7*d**3/3 + d**2 - 5*d + 42. Calculate h(7).
9
Let u(w) = w**3 + 12*w**2 + w + 14. Suppose -12 = 3*h + 24. Determine u(h).
2
Suppose -3*c = -3*z - 66, -4*z - z = -4*c + 83. Suppose 0*i - 3*i = -c. Let p(d) = d**3 - 10*d**2 + 10*d - 10. Determine p(i).
-1
Let a = 5 - 14. Let x be (-34)/a + (-8)/(-36). Let h(p) = x*p**3 - 77*p**2 - 7*p + 9 + 72*p**2 - 3*p**3. Determine h(6).
3
Let w(o) be the third derivative of o**6/360 + o**5/40 - o**4/8 + 13*o**3/6 + 17*o**2. Let y(j) be the first derivative of w(j). What is y(2)?
7
Let q(y) = 83 + 6*y - 9*y - 64. Give q(-8).
43
Suppose 5 = 2*j - j. Let d(g) = 2*g + 8. Let n(c) = 3*c + 9. Let m(s) = j*d(s) - 4*n(s). Let b = 1 - -2. Give m(b).
-2
Let k = -350 + 357. Let f(q) = q**3 - 6*q**2 - 7*q + 6. What is f(k)?
6
Let w(f) = -f**3 - 2*f**2 + 6*f + 7. Let l be (-3)/(-18)*-4*(-9)/(-2). Let m be w(l). Let c(k) = 3*k + 2. Give c(m).
-4
Suppose -2*f + 2*f = -7*f. Let i(r) be the third derivative of 0*r**3 + 1/10*r**5 + 0*r + 1/120*r**6 + 0*r**4 - r**2 + f. What is i(-6)?
0
Let h(k) = k + 11. Suppose 2*x + 18 = 2. Let y be h(x). Let a(b) = b + 4. Give a(y).
7
Let v(w) = w**3 + 6*w**2 - 7*w - 4. Let q = 31 + -38. Determine v(q).
-4
Let v be -24 - 3*39/(-9). Let j(a) = a**2 + 9*a + 1. Give j(v).
23
Let h(k) = -k**3 + 3*k**2 + k - 1. Let l = -10 - -30. Suppose -t + 4 = -5*o, 2*o - l = -10*t + 5*t. Suppose -t*n + 8 + 4 = 0. What is h(n)?
2
Let r(z) = z**3 - 2*z - 2. Suppose -6*h + 4 = -5*h. Suppose h*j = -9 - 55. Let q be (-8)/20 + j/10. Determine r(q).
-6
Let y be (1 + -3)*1/2. Let t be 3/(1 - 1 - y). Suppose -t*u = -1 - 2. Let d(c) = -6*c + 1. What is d(u)?
-5
Suppose 2*t + 8*t - 40 = 0. Let j be -2 + 5 + -1 + t. Let h(f) = 0*f**3 - 6*f**2 + f**3 + 2*f + 0*f**3. Determine h(j).
12
Let q(a) = 0*a**3 - 9 + 5*a**2 - a**3 + a - 5*a**2. Let j(o) be the second derivative of -o**4/12 - 4*o**3/3 + 9*o**2/2 + 5*o. Let n be j(-9). Calculate q(n).
-9
Suppose 7 = -2*i + 5*y, -y - 14 - 11 = 4*i. Let z(s) = -s**2 - 8*s - 5. What is z(i)?
7
Let h(g) = -2*g**2 - 6*g - 2. Suppose t + 3 = -84*a + 83*a, -10 = 2*t - 2*a. Calculate h(t).
-10
Let s be ((-2)/6)/(2/(-42)). Let j(v) = -4*v**3 + 4*v**2 - 9. Suppose -25 = u - 28. Let o(r) = r**3 + r**2 + 1. Let i(m) = u*o(m) + j(m). Calculate i(s).
-6
Let a(m) = m**3 - m**2. Let g be a(0). Let q(s) = -5*s**2 + 29. Let t(o) = -11*o**2 + 60. Let z(v) = 13*q(v) - 6*t(v). Calculate z(g).
17
Let m(g) = -g**2 - 13*g - 8. Let t be (9/(-12))/(1/16). Let h be m(t). Let o(b) = b. Determine o(h).
4
Let v(g) = 4177 + g**2 - 5*g - 4177 - 2*g**2. What is v(-5)?
0
Let u be (-2 + 11)*4/18. Suppose u*j + 2*j - 28 = 0. Let v(n) = -n**2 - 7*n + 1 + 3 - 4*n + j*n. What is v(-3)?
7
Let y(i) = 5*i + 8. Let s(g) = g**3 + 78*g**2 + 155*g + 232. Let t be s(-76). Give y(t).
28
Suppose 4*t - 9 = -5*p, -2*t - p + 3 = -0*t. Let x be (-8)/(-6) + -1 - (-4)/6. Let m(w) = 16*w - 2*w - 8*w - 7*w - 2*w**2 + x. Determine m(t).
-2
Let d(m) = 84*m**2 + 1 - 2 - 43*m**2 - 44*m**2. Let r be (-2)/(-6)*(0 + 0). Let g = -1 + r. Calculate d(g).
-4
Let y = 1026 + -1025. Let i(m) = 5*m**3 + m**2 - 2*m + 1. Calculate i(y).
5
Let d = -204 - -199. Let i(c) = -3*c**3 - 4*c**2 + 3*c. Let z(x) = -13*x**3 - 16*x**2 + 12*x + 1. Let a(t) = 9*i(t) - 2*z(t). Calculate a(d).
8
Let x(l) = 5*l**2 + 18*l + 4. Let y(p) = p**2 + 3*p + 1. Let j(b) = x(b) - 6*y(b). Calculate j(-2).
-6
Let k(h) = -9*h**2 + 7*h. Let n(s) = 8*s**2 - 3. Let z(c) = -9*c**2 - c + 4. Let g(w) = -4*n(w) - 3*z(w). Let i(l) = -9*g(l) + 4*k(l). Calculate i(-1).
8
Let q = 726 + -708. Let u(h) = -h + 28. Calculate u(q).
10
Let r(m) be the first derivative of m**5/60 - m**4/6 + 20*m**3/3 - 22. Let x(w) be the third derivative of r(w). Determine x(-5).
-14
Let h(k) = k**3 - 8*k**2 - 11*k + 12. Let o = -34 - -28. Let v be o*((-15)/2)/5. Calculate h(v).
-6
Let p(r) = 2*r**3 + 12*r**2 - 13*r + 1. Let l be p(1). Let j(s) = 5*s**2 - 2*s + 4. What is j(l)?
20
Let m(o) be the third derivative of -o**5/60 + o**4/24 + 7*o**3/6 + 3*o**2. Suppose 0 = -4*z + 4*p + 123 - 103, 5 = z - 2*p. What is m(z)?
-13
Let y be (10/(-5) + 3)/(-1 + 0). Let u(f) be the first derivative of 3*f**4/2 - f**2/2 + 16. Determine u(y).
-5
Let q(w) be the first derivative of w**4/4 + 5*w**3/3 + 2*w**2 + 6*w - 5. Let b = 8 - 13. Let c be (0 + -1)*(b - -9). Determine q(c).
6
Suppose -9*a = -4*a - 15. Let b(w) = w**3 - 4*w**2 + 4*w - 5. Let j be b(a). Let p(r) = -2*r**3 - 2*r**2 - 2*r. Determine p(j).
12
Let b(y) be the third derivative of -1/12*y**4 - 7/6*y**3 + 0*y + 0 + 7*y**2. Suppose -d - 6 + 0 = 0. Determine b(d).
5
Let g(m) = 28 - 10302*m**2 - 8*m - 3*m + 10301*m**2. What is g(-13)?
2
Suppose 0 = 13*c + 12 + 40. Let n(r) = 0*r**2 + 6*r + r**2 + 0*r**2 + 6. Give n(c).
-2
Let p be (6/(-5))/(-3) - 2024/460. Let h(t) be the first derivative of -3*t**2 + t - 7. What is h(p)?
25
Let q be (-110)/(-33) - 26/12. Let g(j) be the second derivative of q*j**3 + 0 + 6*j + 3*j**2 + 1/12*j**4. Determine g(-6).
0
Let l(f) = -f + 1. Let p be 1 - -1 - (4 + -4). Suppose -x + p*y - 3*y = -1, -2*x - 2 = y. Give l(x).
4
Let p be (-20)/(-8) - (-3)/6. Let d(s) = -25*s + s**3 - 6*s**3 + 26*s - s**p. What is d(1)?
-5
Let x be (-1*3)/(-3) + -6. Let z(o) = -7*o - 2. Let u(l) = 43*l + 15. Let d(i) = -i. Let b(k) = -5*d(k) + u(k). Let m(v) = 4*b(v) + 27*z(v). Give m(x).
-9
Let v(d) = -d + 17. Let h be v(15). Let a be (-155)/(-15) - (-2)/3. Let o(c) = -3*c - a + 5 - c**h - 3*c. Calculate o(-5).
-1
Let d(t) = -t**2 - t - 3. Let f be (-2)/(2 + 0) + 1. Let y(u) = -u**3 - u**2 + 3. Let l be y(f). Suppose l*k = 5*k. Determine d(k).
-3
Let v(n) = -5*n - 1. Let z be (-6)/(-7 - (-3 - 1)). Suppose 2*c - 2*s = z, 0 = -2*c - 2*s - 2*s + 2. Calculate v(c).
-6
Let k(s) = -5*s**2. Let t be k(1). Let x = t - -10. Let v(d) be the first derivative of -d**4/4 + 5*d**3/3 - d**2/2 - 484. D